 4*h + 58, -3*h - 75 = -3*b. What is the units digit of b?
1
What is the units digit of 280/(-63)*3*(-264)/10?
2
Let r = 632 + -610. Let n = 22 - 2. Suppose 2*z - r = n. What is the units digit of z?
1
What is the tens digit of 790/(-4)*2/((-1)/1)?
9
Let p(m) = -1 + m**2 - 8*m - m + 5. Let l be p(7). Let f = l - -13. What is the units digit of f?
3
Let f = -6961 + 10120. What is the thousands digit of f?
3
Suppose -5*r = 3*g - 209, 3*g + 5*r - 335 = -2*g. Suppose 0 = -4*a - 3*u + 298, 0*u - g = -a + 5*u. What is the units digit of a?
3
Let i(s) = 170*s**3 - 3*s**2 + 4*s - 4. Let u be i(2). Suppose 0 = 8*m - 0*m + u. Let t = m + 245. What is the tens digit of t?
7
Let w(p) = 5*p**2 - 12*p - 82. What is the hundreds digit of w(-13)?
9
Suppose 0 = 4*t - 3548 - 240. What is the hundreds digit of t?
9
What is the units digit of -262*((35/(-10))/(-7) + -1)?
1
Let t(p) = -2*p + 216. What is the hundreds digit of t(-29)?
2
Let r(z) be the third derivative of z**5/30 + z**4/8 - z**3/3 - 2*z**2. Let l be r(6). Suppose -2*a + l = 2*a. What is the tens digit of a?
2
Let d(v) = 12*v**2 - 8*v - 10. What is the hundreds digit of d(13)?
9
Let w = 1385 + -111. What is the hundreds digit of w?
2
Suppose -5*j + 31 = -5*g + 161, -3*g - 3*j + 108 = 0. Suppose 5*z - 448 = -h, 0 = 5*z - 4*h - g - 402. What is the tens digit of z?
8
Let h(y) = 10*y**2 - 6*y + 39. What is the hundreds digit of h(7)?
4
Let m(a) = -a**2 - 4*a. Let k be m(6). Let n = k + 42. What is the units digit of 4/n - (-944)/36?
6
Suppose -413 = -g + 6*d - 2*d, -410 = -g + 3*d. What is the tens digit of g?
0
Suppose 2*u + 6 = 0, w + 11 = 5*w - u. Suppose n - 2*v - 11 = 0, 2*v + w*v + 19 = n. What is the units digit of n?
3
Let j(u) = u**3 + 5*u**2 - 2*u - 4. Let z = -12 + 7. Let d be j(z). Let g = d - -5. What is the units digit of g?
1
Suppose 14*g - 9*g = 0. Suppose 60 + g = 3*i. What is the units digit of i?
0
What is the tens digit of 3264/10 - -7*(-12)/210?
2
Let q be 110/(-4)*(-120)/75. Suppose q = v - 39. What is the units digit of v?
3
Suppose -2*c - 27 + 37 = 0. Suppose -c*x = -2*o - 4*x + 16, 2*o - 3*x - 12 = 0. What is the units digit of o?
9
Suppose 0 = d + 4*u + 21, 5*u - 3 = -3*d + 5*d. Let o be 2/4*(d + 9). What is the tens digit of -3 + (-33)/(-1) + o?
3
Let c be -21*(-1 + 2 - 5/3). Suppose -c*a = -18*a + 320. What is the tens digit of a?
8
Suppose -4*j - 21636 = -4*s, 0 = 3*s + 2*s - 3*j - 27053. What is the thousands digit of s?
5
Let g(y) = y + 3. Let p be g(-3). Suppose -h - 5*h + 144 = p. What is the units digit of (h/5)/(36/270)?
6
Let u = 486 + -310. What is the units digit of u?
6
Let b(r) = 6*r - 25. Let l be b(8). Suppose 4*p - l = -2*h + 53, 2*p = 4*h - 102. What is the tens digit of h?
2
Suppose -d = -223 - 80. What is the hundreds digit of d?
3
Let y(n) = 2*n**3 + 10*n**2 + 11*n + 2. Let f(u) = -10*u**3 - 50*u**2 - 56*u - 9. Let r(s) = -2*f(s) - 11*y(s). What is the hundreds digit of r(-6)?
1
Suppose -5*v = x - 175, v + 679 = -2*x + 6*x. Suppose 40 + x = 5*l. What is the tens digit of l?
4
Let s be 1*(0/(-1))/2. Let w = s + 2. What is the tens digit of (-84)/(-9) + w/3?
1
Let l(f) = 7*f**3 - 4*f**2 - 11. Let k(j) = j**3 + j**2 - j - 1. Let s(p) = -6*k(p) + l(p). What is the units digit of s(10)?
5
Let y(j) = -j**3 + 9*j**2 + 8*j + 22. Suppose -5*m = -m - 36. What is the tens digit of y(m)?
9
Let m = -2 - -5. Let d(z) = -9 + z**m + 0*z - 10 + 2*z + 13*z**2 - 2*z**3. What is the units digit of d(13)?
7
What is the tens digit of 183*3/45*55?
7
Let p be (-54)/(-45)*10/4. Suppose 2*y - 12 = -2*a, 0 = -3*y - 2*a - 0*a + 14. Suppose 3*s = f - 42, -y*s - 71 = -p*f - 4*s. What is the tens digit of f?
2
Suppose -9*z = -838 - 476. What is the hundreds digit of z?
1
Let p = -251 - -162. Let o = -126 - -72. Let j = o - p. What is the units digit of j?
5
Suppose 0 = 3*o + 1 - 7. Suppose 34 + 111 = -4*g - 5*t, -55 = o*g - t. What is the tens digit of (24/g)/((-2)/30)?
1
Suppose 5*t - t + 34 = -3*c, c + 22 = -4*t. Let v = c + 7. What is the tens digit of v + 1 + (-60)/(-1)?
6
Let b be ((-16)/12)/(-3 - 15/(-9)). What is the tens digit of (14 - 26)*(-2)/b?
2
Let o be (-4)/12*(0 + -21 + 0). Let l(q) = q**3 - 6*q**2 + 9*q - 5. What is the tens digit of l(o)?
0
Let t be 40/16*582/(-5). Let s = -190 - t. What is the tens digit of s?
0
Suppose 2*f + 15 = -3*a, 5*f - a = a - 9. Let i be (1*f)/(48/32). What is the units digit of (196/(-42))/(i/3)?
7
Let j = 3009 + -1074. What is the tens digit of j?
3
Suppose 4*b - 162 = 3*o, 4*b + o - 76 = 2*b. Suppose -4*s = h + 2, 0 = 3*h + 3*s - b. Suppose -14*k - 220 = -h*k. What is the tens digit of k?
5
Let w(k) = -44*k + 1 + 45*k + 8. What is the units digit of w(6)?
5
Let v(f) = -f**2 + f - 1. Let x be v(-2). Let z = 7 + x. Let n = 2 + z. What is the units digit of n?
2
Let s = 80 - 66. Let t = 7 + -11. Let d = t + s. What is the units digit of d?
0
Let i = -2622 - -5000. What is the thousands digit of i?
2
What is the tens digit of 66/110*(829 + 1)?
9
Suppose 88888 = 70*n - 110052. What is the hundreds digit of n?
8
Let t = 3960 + -964. What is the thousands digit of t?
2
Let p = 52 - 44. Suppose -i = p - 97. What is the tens digit of i?
8
Suppose -4*k = -2*r + 22, -4*r + 0*k + k + 16 = 0. Let m be r*((-12)/9)/(-2). What is the tens digit of (3/m)/(3/108)?
5
Let k(l) = 126*l**3 - 18*l + 35. What is the thousands digit of k(3)?
3
Let x = -236 + 875. What is the units digit of x?
9
Let n = -92 + 100. What is the units digit of n?
8
Let w(o) = 4*o**3. Let u(x) = -x**2 - 8*x - 2. Let l(m) = -2*m**2 - 17*m - 4. Let z(y) = 2*l(y) - 5*u(y). Let t be z(-6). What is the tens digit of w(t)?
3
Suppose 66 = r + 10. Suppose 2*p - 4*d = r, 7*p - 4*p + 5*d - 106 = 0. What is the units digit of (4 - 1)*p/3?
2
Let g(b) = 4*b**3 + 7 + 7*b**2 + b**3 - 4*b**3 + 3. Let w be g(-7). Let s(x) = x**2 - 10*x + 2. What is the units digit of s(w)?
2
Let n = 180 - -855. What is the units digit of n?
5
Let j be 0/(-2 - 1) - -5. Let p = j + -1. Suppose p*o = -o + 150. What is the tens digit of o?
3
Suppose 4*k = 3*k - 6. Let s be k/(-16)*10*4. Suppose s + 0 = -3*f, -28 = -d + 2*f. What is the tens digit of d?
1
What is the tens digit of -12*1*(7 + (-2587)/39)?
1
Suppose -q = 2*q - 2*j + 4, 4*j = -4*q + 28. Suppose -292 = -q*t - 3*c + 66, t + c = 177. What is the tens digit of t?
7
Suppose s = -40 - 4. Let z = s - -25. Let g = z - -36. What is the tens digit of g?
1
Let d be (-7)/((-35)/10) - -1. Suppose -l - d*l = -272. What is the tens digit of l?
6
Suppose g + 1 = -y + 2, -y + 1 = -2*g. Let u(b) = 17 - 1 + 18 + b. What is the units digit of u(g)?
4
Suppose -i - 2*i + v + 10936 = 0, -4*i + 14578 = 2*v. What is the units digit of i?
5
Suppose 0 = 2*y - 868 - 696. What is the tens digit of y?
8
Suppose -5*g + f + 1998 = -2*f, 2*g + f = 808. Suppose 0*j - g = -3*j. What is the tens digit of j?
3
Let w(m) = -m + 11. Let n be w(4). Suppose 2*d = n*d. Suppose d = -3*r - r + 2*h + 80, 3*r - 4*h - 60 = 0. What is the tens digit of r?
2
Suppose -2*c + 15 = -c. Let l be (-20)/(-5)*(-6)/(-4). Suppose 7*d - l*d = c. What is the tens digit of d?
1
What is the units digit of 2388/(9 - 3) + 5?
3
Suppose 49 = 5*c + 174. Let z be 114/10 + (-15)/c. What is the units digit of 12*(9/z)/3?
3
Suppose -133*o + 135*o - 5*z - 1141 = 0, -3*z - 571 = -o. What is the tens digit of o?
6
Let x be -3*(-1)/((-1)/(-4)). Let k(c) = c**2 + 4*c - 8. Let z be k(-7). Suppose z = r - 5*g, r + x = 3*g + 35. What is the units digit of r?
8
Let g = 748 + -457. What is the units digit of g?
1
Let t be 4/32*-2*-28. Let o = t - 9. What is the units digit of 16 + 3/1 + o?
7
Let h(x) = -x**2 - x - 1. Let t(p) = p**3 + 10*p**2 + 8*p - 1. Let k(b) = 6*h(b) + t(b). What is the units digit of k(3)?
2
Let j(f) = 15*f**2 - 4*f - 4. What is the units digit of j(6)?
2
Suppose 3*i - 12*q = -10*q + 16168, -3*i + 5*q = -16183. What is the hundreds digit of i?
3
Let u be (2/(-7))/(-1) + 542/14. What is the units digit of (-55)/(-6) + (2 - u/18)?
9
Let i be (-25)/(-8) + 2/(-16). Let w be 1 + 12/(-3) - i. Let c = 27 + w. What is the tens digit of c?
2
Let v = 50 + -45. Let n(y) = 5*y**2 + 2*y - 2. Let s be n(2). What is the units digit of (-55)/s*(-68)/v?
4
Suppose -3*c - 3*s + 169 = -2*s, 2*s + 267 = 5*c. Let d = c + -51. What is the 